{"id":58,"date":"2017-01-04T15:28:19","date_gmt":"2017-01-04T15:28:19","guid":{"rendered":"http:\/\/www.jackpot-tanzband.at\/wordpress\/?page_id=58"},"modified":"2023-10-16T08:43:50","modified_gmt":"2023-10-16T07:43:50","slug":"die-band","status":"publish","type":"page","link":"http:\/\/www.jackpot-tanzband.at\/","title":{"rendered":"Die Band"},"content":{"rendered":"<p><a href=\"http:\/\/www.jackpot-tanzband.at\/index.php\/die-band\/img_20230213_220406\/\" rel=\"attachment wp-att-203\"><img loading=\"lazy\" decoding=\"async\" class=\"alignnone wp-image-223 size-large\" src=\"http:\/\/www.jackpot-tanzband.at\/wp-content\/uploads\/2023\/10\/IMG_20230213_220406-896x1024.jpg\" alt=\"\" width=\"525\" height=\"600\" srcset=\"http:\/\/www.jackpot-tanzband.at\/wp-content\/uploads\/2023\/10\/IMG_20230213_220406-896x1024.jpg 896w, http:\/\/www.jackpot-tanzband.at\/wp-content\/uploads\/2023\/10\/IMG_20230213_220406-263x300.jpg 263w, http:\/\/www.jackpot-tanzband.at\/wp-content\/uploads\/2023\/10\/IMG_20230213_220406-768x878.jpg 768w, http:\/\/www.jackpot-tanzband.at\/wp-content\/uploads\/2023\/10\/IMG_20230213_220406.jpg 1080w\" sizes=\"auto, (max-width: 525px) 100vw, 525px\" \/><\/a><\/p>\n<p><strong>Die Vorarlberger Spitzen-Tanzband mit Erfolgsgarantie:<\/strong><\/p>\n<p>Die Vorarlberger Tanzband &#8222;Jackpot&#8220; besteht aus erfahrenen Musikern, welche sich mit einem speziellen Tanzprogramm schwerpunktm\u00e4\u00dfig f\u00fcr Tanzlokale, Tanzschulen und Tanzclubs spezialisiert haben.<\/p>\n<p>Wenn Ihr Publikum gerne bei\u00a0angenehmer Lautst\u00e4rke zu Rumba, Cha Cha Cha, English Walz, Samba, Foxtrott oder Discofox tanzt, ist &#8222;Jackpot&#8220; die goldrichtige Wahl. Durch ihre Vielseitigkeit und Flexibilit\u00e4t pr\u00e4sentiert die Vorarlberger Tanzcombo bei verschiedensten Events\u00a0eine Musikmixtur aus poppigen Partysongs sowie Schlager, Oldies aus den 60er, 70er und 80er Jahren im modernen Hitmix-Sound. Auf Wunsch wird nat\u00fcrlich auch fetzige Volksmusik gespielt sowie das junge und junggebliebene Publikum mit den\u00a0sch\u00f6nsten Rockmelodien der letzten drei Jahrzehnte begeistert.<\/p>\n<p><strong>Fakts der Vorarlberger Top-Band:<\/strong><\/p>\n<p>Die ambitionierten Musiker mit Charakter * Sympathische Partyband &#8211; flexibel &#8211; dynamisch * Weit \u00fcber die Grenzen beliebt und absolut erfolgreich * Bekannt aus Zeitungen, Illustrierten, Liveauftritten, Radio, Fernsehen * Unschlagbare Live-Pr\u00e4senz * Moderne Ton- und Lichttechnik * Fantastisches Musikspektrum bei angenehmer Lautst\u00e4rke &#8211; eben ein &#8222;JACKPOT&#8220; f\u00fcr Ihre Veranstaltung.<\/p>\n<p><strong>JACKPOT &#8211; Referenzen:<\/strong><\/p>\n<p>Erfolgreiches Auftreten bei unz\u00e4hligen Auftritten in Festzelten, Sporthallen, Hotels, Dancings, Pup-Festivals, Clubs, Openairs, bei Medienveranstaltungen, auf Messen sowie bei Rundfunksendungen auf internationaler Ebene.<\/p>\n<p>Gerne erstellen wir f\u00fcr Sie ein unverbindliches Angebot zu Ihrem Vorhaben und senden Ihnen Werbematerial zu.<\/p>\n","protected":false},"excerpt":{"rendered":"<p>Die Vorarlberger Spitzen-Tanzband mit Erfolgsgarantie: Die Vorarlberger Tanzband &#8222;Jackpot&#8220; besteht aus erfahrenen Musikern, welche sich mit einem speziellen Tanzprogramm schwerpunktm\u00e4\u00dfig f\u00fcr Tanzlokale, Tanzschulen und Tanzclubs spezialisiert haben. Wenn Ihr Publikum gerne bei\u00a0angenehmer Lautst\u00e4rke zu Rumba, Cha Cha Cha, English Walz, Samba, Foxtrott oder Discofox tanzt, ist &#8222;Jackpot&#8220; die goldrichtige Wahl. Durch ihre Vielseitigkeit und Flexibilit\u00e4t &hellip; <\/p>\n<p class=\"link-more\"><a href=\"http:\/\/www.jackpot-tanzband.at\/\" class=\"more-link\"><span class=\"screen-reader-text\">\u201eDie Band\u201c<\/span> weiterlesen<\/a><\/p>\n","protected":false},"author":1,"featured_media":0,"parent":0,"menu_order":0,"comment_status":"closed","ping_status":"closed","template":"","meta":{"footnotes":""},"class_list":["post-58","page","type-page","status-publish","hentry"],"_links":{"self":[{"href":"http:\/\/www.jackpot-tanzband.at\/index.php\/wp-json\/wp\/v2\/pages\/58","targetHints":{"allow":["GET"]}}],"collection":[{"href":"http:\/\/www.jackpot-tanzband.at\/index.php\/wp-json\/wp\/v2\/pages"}],"about":[{"href":"http:\/\/www.jackpot-tanzband.at\/index.php\/wp-json\/wp\/v2\/types\/page"}],"author":[{"embeddable":true,"href":"http:\/\/www.jackpot-tanzband.at\/index.php\/wp-json\/wp\/v2\/users\/1"}],"replies":[{"embeddable":true,"href":"http:\/\/www.jackpot-tanzband.at\/index.php\/wp-json\/wp\/v2\/comments?post=58"}],"version-history":[{"count":14,"href":"http:\/\/www.jackpot-tanzband.at\/index.php\/wp-json\/wp\/v2\/pages\/58\/revisions"}],"predecessor-version":[{"id":224,"href":"http:\/\/www.jackpot-tanzband.at\/index.php\/wp-json\/wp\/v2\/pages\/58\/revisions\/224"}],"wp:attachment":[{"href":"http:\/\/www.jackpot-tanzband.at\/index.php\/wp-json\/wp\/v2\/media?parent=58"}],"curies":[{"name":"wp","href":"https:\/\/api.w.org\/{rel}","templated":true}]}}